2 + r + 34. Calculate the remainder when v(0) is divided by (63/28)/((-1)/(-4)).
7
Let w be (-2)/(1/(-15)*-2). Let z = w - -26. Calculate the remainder when 20 is divided by z.
9
Suppose 4*w = 6*w - 52. What is the remainder when w is divided by 7?
5
Let y(w) = 2*w + 8. Let h be y(-6). Let g be (2 + h)/(-2) + 2. Suppose 0*c + 5*m + 14 = -g*c, -5*c = m - 6. Calculate the remainder when 3 is divided by c.
1
Suppose 3*i - 2 - 4 = -5*c, -5*c = -4*i - 27. Suppose 0 = q - c, 2*q + 12 + 22 = 2*v. Suppose -v = -0*p - 5*p. Calculate the remainder when p is divided by 3.
1
Let v(w) = -w**3 + 4*w**2 + 2*w - 6. What is the remainder when 3*((-12)/9 - -3) is divided by v(4)?
1
Let a(b) = 2*b**3 + 5*b**2 + 3*b - 4. Let j be a(-3). Let l = -16 - j. Suppose 2*f = 2*k + 22, 0*k - k = f - 9. What is the remainder when f is divided by l?
4
What is the remainder when 113 is divided by 1005/35 + (-2)/(-7)?
26
Suppose -4*c - 1 + 17 = 0. Suppose 0 = v - 8 - c. Suppose 2*o - 27 - 19 = 0. What is the remainder when o is divided by v?
11
Suppose -3*q = 2*p - 126, 5*q - 217 + 14 = -p. Suppose 3*k - q = -k. What is the remainder when 28 is divided by k?
8
Suppose 92 = -2*n + 4*n. Let r be 15/10*(-4)/(-6). What is the remainder when n is divided by (r*4)/(6/24)?
14
Suppose v - 14 = 7. Calculate the remainder when v is divided by 6.
3
Suppose -5*y + 2 = -3. Suppose 4 = -a, -y = 2*f - 3*a - 11. What is the remainder when 4 is divided by 0 + (f - -4) + 0?
1
Suppose 6*f = 2*f + i + 129, f - 36 = -i. What is the remainder when f is divided by 6?
3
Let d be 0 - (1 - -1 - 3). Suppose 4*c - d = 7. What is the remainder when 5 is divided by c?
1
Let b(k) = -10*k + 1. Let u(r) = r**3 - 9*r**2 - 10*r + 4. What is the remainder when b(-1) is divided by u(10)?
3
Suppose -q = 3*q - 108. What is the remainder when 107 is divided by q?
26
Let p(z) = z**3 + 5*z**2 - 4*z - 6. Calculate the remainder when 111 is divided by p(-5).
13
Let c(u) = u**3 + u**2 + u + 1. Let i be c(-1). Let n = 3 + i. What is the remainder when 12 is divided by n?
0
Let b = -7 + 2. Let p = b - -2. Let s(g) = -g + 4. What is the remainder when 12 is divided by s(p)?
5
Let u be -4*(-1 - -3)*-1. Let p = u - 1. What is the remainder when 20 is divided by p?
6
Let i = -180 + 239. Calculate the remainder when i is divided by 16.
11
Let n be 3/(46/(-22) - -2). Let t = 48 + n. Calculate the remainder when t is divided by 8.
7
Suppose 0 = -2*a + 5*a - 39. What is the remainder when 62 is divided by a?
10
Let j be (-10)/4*8/(-10). Suppose -4*x + 58 = j. Suppose -h + 9 = -x. Calculate the remainder when h is divided by 8.
7
Suppose 0 = -15*j + 12*j - 2*z + 51, -j - 5*z = -30. Calculate the remainder when 26 is divided by j.
11
Let x be (-12)/(-2) + -3 + -15. Let r = -6 - x. What is the remainder when r is divided by 4?
2
Let h be 0/((-5 - -3) + 1). Suppose 2*y - 10 + 2 = h. What is the remainder when 10 is divided by y?
2
Let o = -7 + 12. Suppose -4*q + o*j - j + 16 = 0, 3*j = -2*q + 3. Suppose -15 = 4*w - w, g - 21 = q*w. Calculate the remainder when 10 is divided by g.
4
Let z = -10 + 21. Let k(p) = p**3 + 6*p**2 - 9*p - 8. Let l be k(-7). Let x(m) = m**2 - 5*m. What is the remainder when z is divided by x(l)?
5
Let n = -1 + 47. Let s(c) be the third derivative of c**5/60 + 7*c**4/24 - c**3/3 + 5*c**2. Calculate the remainder when n is divided by s(-9).
14
Suppose -2*t = -3*t + 5. Suppose -h + 1 = -t. What is the remainder when 11 is divided by h?
5
Let g(d) = d**3 - 5*d**2 - 6*d. Let m be g(6). Suppose 4*o - 271 = 61. Suppose m = 4*f - 125 - o. Calculate the remainder when f is divided by 18.
16
Let z = -27 - -15. Let q = z - -25. Let y = -87 + 123. Calculate the remainder when y is divided by q.
10
Let v(k) = -5*k - 5. Suppose i + 0*i = 7. Let c(x) = x**3 - 7*x**2 - 2*x + 8. Let y be c(i). Calculate the remainder when v(y) is divided by 9.
7
Suppose 2*l - 113 = 5*v, -3*l - 4*v + 141 = -2*v. What is the remainder when l is divided by 26?
23
Let i(b) = -b**3 - b**2 - b. Let x be (0 + 6/(-3))/1. Let t be i(x). Let m(u) = 5*u + 5. Calculate the remainder when m(t) is divided by 12.
11
Let o be -14*9 + 3 - 3. Calculate the remainder when ((-8)/(-6))/((-12)/o) is divided by 9.
5
What is the remainder when 1*(12 + -1 + -2) is divided by 3?
0
Let o be 39/12 - (-1)/(-4). Suppose o = b - 0. What is the remainder when 3 is divided by b?
0
Let s = -12 - -12. Suppose s*b + 4*b - 24 = 0. Suppose 0 = -5*d + 80. What is the remainder when d is divided by b?
4
Let v be 6 - 9/3 - 3. Suppose v*f - 4*f + 52 = 0. What is the remainder when 38 is divided by f?
12
Let d = 26 + -17. Suppose 2*o + 3*s + 11 = -0*o, -5*o - 8 = s. Let f = d + o. Calculate the remainder when 23 is divided by f.
7
Let m(a) = -2*a**3 + 5*a**2 - 4*a - 1. Let j be m(3). Let p = -5 - j. Calculate the remainder when -2 - 1*-1 - -50 is divided by p.
15
Suppose 96 = 3*z + 15. Suppose -10*j = -5*j - 255. Calculate the remainder when j is divided by z.
24
Let b(z) = -z**3 + 7*z**2 + 11*z - 9. Suppose 3*h - k + 382 = 0, 4*k = 5*h - 4*h + 109. Calculate the remainder when (h/(-9))/(1/3) is divided by b(8).
13
Let t(r) = 21*r - 8. Calculate the remainder when t(5) is divided by 25.
22
Let n(w) = w**3 - 3*w**2 - 3*w + 3. What is the remainder when n(4) is divided by 6*1 - (-2 + 3)?
2
Let x = -21 - -15. Let k(q) = -q**3 - 5*q**2 + 4*q + 1. What is the remainder when k(x) is divided by 5?
3
Let r = 17 - 5. Let x(q) = 2*q - 6. Let o be x(4). Suppose 32 = o*n - 14. What is the remainder when n is divided by r?
11
Let f = 8 - 3. Suppose 0 = f*x + u - 29, -2*x + 3*u = u - 2. What is the remainder when x is divided by 2?
1
Let o = 18 + -14. Suppose x - o*x = -6. Calculate the remainder when 2 is divided by x.
0
Let u(z) = z + 26. Suppose 43 = 5*t - 22. Calculate the remainder when u(0) is divided by (-2 + t/3)*6.
12
Suppose 6*d - d - 70 = 0. Suppose r - d = -0*r. Calculate the remainder when r is divided by (-1)/(1 - (-6)/(-5)).
4
Suppose r - 6*r = 4*s - 111, -2*s - r = -57. Let x = 43 - s. Calculate the remainder when 27 is divided by x.
13
Let t(s) = 4*s + 2. Suppose 3*o = 7 + 29. Calculate the remainder when t(5) is divided by o.
10
Let v = -92 + 153. Let k(b) = -3*b - 3. Calculate the remainder when v is divided by k(-8).
19
Suppose 0 = 10*l - 9*l - 9. Suppose 0 = 2*f - 4 - 2. Suppose -f*n = -3*q + 111, -2*q + 5*q - 119 = 5*n. What is the remainder when q is divided by l?
6
Suppose 14 = w + 3*d, -2*w = 3*w + 3*d - 130. Suppose 4*b - 36 = -4*v + 5*b, -5*v + 2*b + 42 = 0. Calculate the remainder when w is divided by v.
9
Let s = 2 + -4. What is the remainder when 41 is divided by 14 - 0/(s/1)?
13
Let n = 12 - 9. Suppose n*g - 44 = -2. Calculate the remainder when g is divided by 8.
6
What is the remainder when ((-8)/8)/((-1)/29) is divided by 10?
9
Suppose 3*o - 6*o + 81 = 0. Suppose j + 5*c - o = 0, 3*c - 44 = -2*j + 10. Calculate the remainder when j is divided by 10.
7
Suppose u - 1 = 0, 124 - 329 = -3*i + 5*u. What is the remainder when i is divided by 25?
20
Let j be (-368)/(-36) + 2/(-9). Let w be -3 + (-3)/((-6)/j). Suppose -5*n + 18 = -w. Calculate the remainder when n is divided by 3.
1
Suppose r - 51 = -3*g + 53, 4*r = 5*g - 179. Calculate the remainder when 139 is divided by g.
34
Suppose -2*w + 4*x + 64 = 0, -4*x + 8*x + 36 = w. What is the remainder when 167 is divided by w?
27
Let w(s) = 11*s + 7. Let p be w(8). Let g = p + -57. What is the remainder when g is divided by 10?
8
Let p = -6 - -11. Let w = 37 - p. Suppose 0*t - 2*t + 22 = 0. What is the remainder when w is divided by t?
10
Let i = -4 - -7. Suppose -k = i*k - 48. What is the remainder when 22 is divided by k?
10
Suppose -2*j - 5*w = -4*j + 44, 0 = -5*j - 3*w + 48. Calculate the remainder when 36/2 + -2 + 0 is divided by 1/(0 + 2)*j.
4
What is the remainder when (80/30)/(2/9) is divided by 5?
2
Let z = -17 - 2. Let g = z + 92. What is the remainder when g is divided by 19?
16
Suppose 5*a - 7 = 4*a. Let v(o) = 7*o + 0*o - 2 + 4 + 3. Calculate the remainder when v(3) is divided by a.
5
Suppose -t = -3, 2*v + t = 3*v - 67. Let o(s) = 2*s - 6. What is the remainder when v is divided by o(15)?
22
Suppose 2*t + 5*g + 9 = 3*t, -4*t - 5*g = -111. Calculate the remainder when t is divided by 15.
9
Suppose 3*h - 32